= -a - 2. Let z be j(-4). Let b(g) = -g**3 + 3*g**2 - 2*g - 2. Let i be b(z). What is the units digit of i + 6 + (5 - 3)?
6
Let c(n) = -n**2 + 5. Let z(p) = -p + 5. Let g = -12 - -17. Let y be z(g). What is the units digit of c(y)?
5
Suppose 0 = -n - 0*n. Let b(r) = -r - 5 + n*r + 15 + 0*r. What is the units digit of b(7)?
3
Suppose -r + 2 + 2 = 0. Suppose -r = -2*b - 3*d + 4*d, 2*b + 4*d = 4. What is the units digit of b?
2
Let c = 9 + 2. Let f = 32 + -38. Let q = f + c. What is the units digit of q?
5
Suppose 4*i + i + 6 = -l, 3*i = -5*l + 14. Let h be -2 - i/2 - 2. Let z = 12 + h. What is the units digit of z?
9
Suppose 5*l + 4*s = 120 + 131, -4*l + 176 = -3*s. What is the units digit of l?
7
Let b(l) = -l + 7. Let c be b(7). Suppose c = 2*a - 33 + 3. What is the tens digit of a?
1
Suppose -3*m - 9 = -0*m. What is the units digit of -2 - 10*m/3?
8
Suppose 3*o + 9 + 7 = g, -3*g - 2 = o. Let n = 1 + g. Suppose n - 17 = -3*p. What is the units digit of p?
5
Suppose 8 = -5*r - 82. What is the tens digit of (-284)/r - 4/(-18)?
1
Let o = 14 + -8. Suppose 0 = -n - 3 + o. Suppose -23 = p + 5*r, 18 = -3*r + n. What is the units digit of p?
2
Suppose 0 = -d + 81 - 26. What is the tens digit of d?
5
Let a = 481 + -154. What is the units digit of a?
7
Let x(i) = i**2 - 15*i - 15. Let c be x(16). What is the units digit of c - 1 - (-14 + 5)?
9
Suppose -2*m - 3 = 5*k + 2, 0 = 2*k - 5*m - 27. Let v(f) = -4 - 3*f - k + 0. What is the units digit of v(-4)?
7
Suppose -3*u - u = -88. What is the units digit of u?
2
Let a(z) = z**2 - 6*z + 7. Let m be a(5). Let d(j) = 2*j**m + 2*j - 3*j - 3*j - j**2. What is the tens digit of d(6)?
1
Let r(a) be the first derivative of 4*a**3/3 - a - 1. Let g be 3/(-12) + 3/(-4). What is the units digit of r(g)?
3
Suppose v = -2*v + 87. Let d = v + -20. What is the units digit of d?
9
Suppose 5*w + 5*z - 2*z = 29, -5*w + 39 = -2*z. Let d(u) = u - 3 - 2*u - 1 + 18. What is the units digit of d(w)?
7
Let r be (-3 + 0 - -6) + -3. Suppose r = 4*u - 2*u - 30. What is the units digit of u?
5
Let f = 12 - -1. What is the units digit of f?
3
Let x(h) = -h**2 - 12*h - 7. Let o(k) = -k**3 + 2*k**2 + 7*k - 5. Let b be o(4). What is the tens digit of x(b)?
2
Let w = 6 - 8. Let i be w/((-2)/1)*3. Suppose r + 0*r - 11 = -5*o, -i*r = -3. What is the units digit of o?
2
Suppose 0 = -b - 1 + 3. Suppose 3*w - 12 = 5*u, u - 12 = -w - b*w. What is the units digit of (-22)/(-4)*(w - 2)?
1
Suppose 5*h - 1 = -3*d, h = -3*d + 2*d + 1. Suppose 2*r = 5*r + 45. What is the units digit of -5*(h - (-6)/r)?
7
Suppose -4*a - v + 71 = -79, -144 = -4*a - 4*v. What is the units digit of a?
8
Let a be 5*(-2 + (-13)/(-5)). Suppose -3*b = 2*b + 3*r - 211, 113 = a*b - 5*r. Suppose b = 4*n + 9. What is the units digit of n?
8
Suppose 0 = 11*q - 81 - 799. What is the tens digit of q?
8
Let p = 10 + -8. Suppose -p*q + 158 = 5*d + 43, 5*d - 4*q = 115. What is the tens digit of d?
2
What is the tens digit of 1 - (-83 + (-2 - -1))?
8
Suppose -7*n + 2557 - 751 = 0. What is the hundreds digit of n?
2
Let k(b) = b**3 - b + 1. Let p be k(1). Let z be (0 - p)/((-4)/(-4)). Let w = z + 5. What is the units digit of w?
4
Suppose -5*b + 32 = -3*f - 0*b, -b - 16 = 5*f. Let o be ((-6)/(-1))/((-6)/f). Suppose 4*z = o, 3 = -n + 3*n - 5*z. What is the units digit of n?
4
Suppose -89 = -p + b, -344 = -3*p - p + b. What is the units digit of p?
5
Let p be (-68)/(-12) - 3/(-9). Let c(k) = 2*k + 4. What is the tens digit of c(p)?
1
Suppose -7 = -o - 2. Let f = -3 + o. Let p = f - 1. What is the units digit of p?
1
Let z = -27 + 45. What is the tens digit of 249/z - (-2)/12?
1
Let t(h) = 3*h**2 - 1 + h**2 + 3*h**2 - 4*h**2. What is the units digit of t(1)?
2
Suppose 2*g = -5*y + 6 + 34, -5*g + 46 = -y. What is the units digit of g?
0
Let d(g) = g**3 + 2*g**2 + 2*g - 2. Let s = 5 + -3. What is the units digit of d(s)?
8
Suppose -4 = 2*c + 4. Let l be 1*21*c/(-6). Suppose -4*o + l = y, 4*o - 4*y = 6 - 2. What is the units digit of o?
3
What is the tens digit of (-74)/(-6) + (-2)/6?
1
Let a be 6*(2 + 28/(-12)). What is the tens digit of 6*(a + 13/2)?
2
Let t = -16 + 33. Suppose 0 = 3*a - a + 10, 3*n = a + t. What is the units digit of n?
4
Suppose 2*g - y = 368, 4*g - 5*y = -y + 736. What is the hundreds digit of g?
1
Let a(b) = 16*b**3 - b**2 - 3*b + 6. What is the units digit of a(2)?
4
Let g(s) = 24*s**3 + s**2 - s - 1. What is the units digit of g(1)?
3
Let c(l) = l**2 - 8*l + 1. Let d be c(7). What is the tens digit of d*(-4)/16*14?
2
Let z = 29 - -6. Suppose 5*t - z = 25. What is the tens digit of t?
1
Suppose -131 = -4*b + 5*r, 2*b + 31 = -5*r + 104. What is the units digit of b?
4
Let n(o) = 38*o**3 + o**2 - o + 1. Let j be n(1). Let u = -23 + j. What is the tens digit of u?
1
Let m = 18 - 11. Suppose f = -5*i - m, 0 = 2*i - 2*f + 6 + 4. Let g(l) = l**3 + 3*l**2 + 2*l + 1. What is the units digit of g(i)?
1
Suppose 0 = -4*h + 4*m + 20, -m - m = 4. Suppose 0 = -3*a - 5*n - 89, -a = 2*a - h*n + 57. Let v = -11 - a. What is the units digit of v?
2
Let y = 13 + 8. What is the tens digit of y?
2
Let n(g) = g**2 - 2*g + 1. Let y be n(2). Suppose 13 = 3*f + y. What is the units digit of f?
4
Let m(c) = -c**2 + 10*c - 6. Let w be m(9). Suppose w*f = -f + 132. What is the tens digit of f?
3
Let v be (-8)/48 - 34/12. What is the units digit of (2 - 2) + (-84)/v?
8
Suppose -n + 7 = 3. Let s = -12 + n. Let m = s + 28. What is the tens digit of m?
2
Let j be ((-4)/(-6))/(22/(-33)). What is the units digit of 6/(j/((-5)/2))?
5
Let s(h) = 2*h**2 - 12*h - 2. Let d be s(6). What is the units digit of 2/d + 28 + -2?
5
Let s = -1 + 1. Let r(x) = s + 6 - 3*x - 4 + 0. What is the units digit of r(-3)?
1
Let s = -9 + 11. What is the units digit of s?
2
Let o(r) = -7*r + 45. Let k(g) = -4*g + 22. Let z(p) = -5*k(p) + 3*o(p). What is the tens digit of z(0)?
2
Let o(x) = -32*x**3 - 3*x**2 + 7. What is the units digit of o(-2)?
1
Suppose 148 = 12*n - 1244. What is the hundreds digit of n?
1
Let m(u) = -u + 2. Let d be m(14). Let t(s) = -s**2 - 17*s - 8. What is the tens digit of t(d)?
5
Let i(p) = p**2 + 6*p - 6. Let w be i(-7). Let a(k) = -k**2 + 2 - 2*k**2 + w + k - 7 - k**3. What is the units digit of a(-4)?
8
Let l = 11 + -29. Let i = l + 29. What is the units digit of i?
1
Suppose -3*s + 5 = k, 3*s + 3*k - 15 = -0*k. Suppose s = -5*w - 0 + 10. Suppose i = -w*x + 17, -i - i + x + 19 = 0. What is the tens digit of i?
1
Let b be (8 + 3)/((-1)/7). Let m = b - -110. What is the units digit of m?
3
Let w = 1 + -29. What is the units digit of (-344)/w - (-4)/(-14)?
2
Let x = -6 - -10. Suppose 3*a - x = 5*k, k - 5*a = 2*k - 16. Suppose -u + s = -s - 17, -4*s = u + k. What is the units digit of u?
1
Suppose 0*u + 52 = 2*u. What is the units digit of u?
6
Suppose -2*n - 3*i = -58, 4*n = -n + 4*i + 99. What is the tens digit of n?
2
Suppose 3*g + 9 = 4*b - 0*b, -5*g = -3*b - 7. What is the units digit of b?
6
Suppose -11*l = -16*l + 90. What is the units digit of l?
8
What is the tens digit of 34 + 8 - 8/2?
3
Let n(l) = -2*l - 16. Suppose 0 = -4*w - 4*q + 8 - 32, 3*w = -4*q - 14. What is the units digit of n(w)?
4
Let v(r) be the first derivative of -2 - r + 10/3*r**3 + r**2. What is the units digit of v(1)?
1
Let r(v) = -2*v + 3. Suppose -z - 4 = 3*g, -2 = g - 0. Let w be r(z). Let s = 3 + w. What is the units digit of s?
2
Let d = 8 + -9. Let v = d + 5. Let l = v + 1. What is the units digit of l?
5
Let j(a) be the third derivative of a**6/120 + a**5/12 - a**4/4 + a**3/3 - 2*a**2. Let f be j(-6). Suppose -4*i + 4 = -f*i. What is the units digit of i?
2
Suppose 41 = 7*c - 6*c. What is the tens digit of c?
4
Let r(z) = -3*z - 2. Let f be r(2). Let b = f - -11. What is the units digit of b?
3
Suppose 4*v + 24 = 4*a - 2*a, -3*a + v = -16. Suppose a*l - 60 = -4*q, 5*q - 5*l + 0*l = 125. What is the tens digit of q?
2
Suppose -4*v = -0*v - 36. Suppose v = 3*z + 3. Suppose -3*l + 2*l = -z, -12 = -3*m - 3*l. What is the units digit of m?
2
Suppose 2*h + 0 = -12. Let o = h + 18. What is the tens digit of o?
1
Let m(w) = 4*w - 3. Let o be 6 - 1/(-2)*0. What is the units digit of m(o)?
1
Let d = -10 - -12. Suppose 0 = 5*p - 15, -5*p + 21 = k. Suppose k*o = d*o + 8. What is the units digit of o?
2
Suppose 5*i - 39 = 21.